7) to base 9
-645
Convert 4498 (base 13) to base 14.
36cd
-bb2 (base 13) to base 10
-2004
1064 (base 8) to base 13
345
What is 10101010001 (base 2) in base 4?
111101
Convert cb22 (base 13) to base 14.
a41d
-328 (base 13) to base 3
-202001
405 (base 10) to base 2
110010101
3101 (base 10) to base 14
11b7
a21 (base 11) to base 16
4d1
Convert 10cc (base 13) to base 10.
2365
-3358 (base 10) to base 11
-2583
Convert -101001101100 (base 2) to base 14.
-d88
Convert -2542 (base 6) to base 3.
-212122
Convert 1ba (base 15) to base 11.
334
What is 4507 (base 12) in base 8?
16727
What is 2322 (base 4) in base 10?
186
Convert 4090 (base 10) to base 5.
112330
Convert 45c5 (base 14) to base 5.
342004
Convert 1a69 (base 16) to base 8.
15151
What is -101000111111 (base 2) in base 16?
-a3f
2130 (base 5) to base 15
145
What is 108 (base 13) in base 6?
453
What is -2223 (base 9) in base 8?
-3151
Convert 630 (base 10) to base 7.
1560
c10 (base 13) to base 15
911
What is -13603 (base 7) in base 2?
-111010001111
What is -20422 (base 5) in base 13?
-80a
1010 (base 4) to base 2
1000100
Convert -1000000000001 (base 2) to base 15.
-1332
Convert -8caa (base 14) to base 10.
-24454
-22251 (base 6) to base 12
-1987
What is -2312 (base 4) in base 11?
-156
Convert 1011031 (base 4) to base 8.
10515
What is -544242 (base 6) in base 12?
-22082
Convert -3154 (base 6) to base 14.
-394
What is 60f (base 16) in base 5?
22201
Convert -1961 (base 10) to base 7.
-5501
Convert -17304 (base 8) to base 3.
-101210201
What is -41401 (base 5) in base 11?
-2059
-65602 (base 7) to base 8
-40041
Convert 13662 (base 12) to base 3.
1100211202
What is 37003 (base 8) in base 13?
72c2
10101010 (base 3) to base 2
100110011100
What is -10101011101101 (base 2) in base 6?
-122513
What is -12020331 (base 4) in base 16?
-623d
Convert -1d9 (base 16) to base 2.
-111011001
What is -162 (base 10) in base 9?
-200
What is 137 (base 9) in base 7?
223
What is 881 (base 10) in base 5?
12011
Convert 11322 (base 4) to base 9.
460
-1127 (base 16) to base 10
-4391
What is -243342 (base 5) in base 15?
-2aec
What is -3072 (base 9) in base 12?
-1378
What is -2378 (base 9) in base 15?
-7d2
Convert -14 (base 14) to base 3.
-200
Convert 1111101122 (base 3) to base 16.
7307
What is 85 (base 10) in base 12?
71
Convert -2254 (base 8) to base 12.
-838
What is -85d (base 14) in base 16?
-673
Convert -12b (base 14) to base 3.
-22201
What is 272 (base 10) in base 4?
10100
What is -1120033 (base 4) in base 8?
-13017
-101240 (base 5) to base 15
-eb5
4084 (base 9) to base 15
d47
What is -13 (base 6) in base 12?
-9
What is 11010210 (base 3) in base 6?
21550
What is -1042204 (base 5) in base 14?
-6a05
-102310 (base 4) to base 3
-1122121
What is -88 (base 13) in base 3?
-11011
What is 3bb (base 12) in base 4?
20333
13211 (base 4) to base 3
122222
10333 (base 6) to base 7
4104
Convert 1101110010101010 (base 2) to base 16.
dcaa
What is -3350 (base 10) in base 12?
-1b32
What is -76d (base 15) in base 2?
-11010001110
-33732 (base 9) to base 12
-11002
-21200 (base 8) to base 2
-10001010000000
Convert 537 (base 9) to base 12.
307
What is 40223 (base 6) in base 10?
5271
Convert 21020 (base 3) to base 5.
1240
Convert 46430 (base 7) to base 10.
11879
Convert 113030 (base 4) to base 3.
2000222
-65381 (base 9) to base 4
-22210333
Convert 4642 (base 13) to base 7.
40510
What is -3c (base 16) in base 2?
-111100
What is 13014 (base 8) in base 5?
140034
What is 1015 (base 6) in base 14?
123
Convert -185 (base 13) to base 16.
-116
What is -475 (base 8) in base 7?
-632
What is -54444 (base 6) in base 5?
-220031
Convert -5cc (base 15) to base 13.
-7a4
Convert 1001101001000 (base 2) to base 6.
34504
-46b (base 14) to base 7
-2364
Convert 10308 (base 10) to base 7.
42024
Convert 738 (base 16) to base 2.
11100111000
-212 (base 4) to base 9
-42
Convert -2402 (base 5) to base 9.
-431
116a (base 13) to base 4
212112
What is -2106 (base 8) in base 16?
-446
5504 (base 6) to base 12
894
Convert -44442 (base 5) to base 10.
-3122
What is -101011011 (base 2) in base 13?
-209
-217a3 (base 11) to base 8
-75525
What is -c7 (base 16) in base 14?
-103
What is 10323 (base 4) in base 15?
160
What is 333021 (base 4) in base 11?
3044
-5bb (base 14) to base 4
-101321
What is 1011011100 (base 2) in base 7?
2064
Convert 187 (base 12) to base 14.
139
-2cd4 (base 16) to base 6
-125044
What is -101111110011 (base 2) in base 13?
-1514
Convert -101222011 (base 3) to base 5.
-223441
Convert 116022 (base 7) to base 2.
101001100100010
What is 1749 (base 13) in base 11?
2649
What is -15340 (base 6) in base 12?
-1550
What is 4641 (base 12) in base 9?
11654
Convert 44a (base 14) to base 12.
5aa
460a (base 12) to base 16
1e6a
What is 28620 (base 11) in base 8?
117346
Convert -3000020 (base 5) to base 6.
-1001021
What is 1112222 (base 3) in base 14?
5ad
What is -51222 (base 6) in base 12?
-3b12
What is 178c (base 15) in base 9?
6866
What is -1101101000101110 (base 2) in base 8?
-155056
Convert -4210 (base 6) to base 10.
-942
301223 (base 5) to base 13
4478
Convert -2112200 (base 4) to base 16.
-25a0
Convert -2601 (base 9) to base 4.
-132121
What is 483 (base 9) in base 3?
112210
What is -19a58 (base 11) in base 13?
-c908
What is -100020101 (base 3) in base 5?
-203413
-202540 (base 7) to base 12
-18011
-501 (base 8) to base 9
-386
210 (base 5) to base 6
131
What is 1310 (base 6) in base 3?
110020
-2995 (base 15) to base 11
-6775
Convert 2266 (base 7) to base 5.
11312
What is -733 (base 10) in base 12?
-511
10255 (base 6) to base 2
10101111011
What is -1986 (base 12) in base 10?
-3126
Convert 10100020 (base 3) to base 4.
212010
What is 26 (base 14) in base 2?
100010
Convert -55 (base 9) to base 6.
-122
What is 1475 (base 13) in base 9?
4058
What is 726 (base 11) in base 12?
60b
112222220 (base 3) to base 10
10932
Convert -374 (base 9) to base 15.
-15a
What is 348 (base 10) in base 15?
183
-1303442 (base 5) to base 11
-1817a
870d (base 15) to base 5
1403323
-13331 (base 4) to base 7
-1325
10110001000 (base 2) to base 15
646
Convert 142155 (base 6) to base 3.
200110122
-2fc8 (base 16) to base 7
-50443
-a07 (base 12) to base 15
-667
What is 1544 (base 9) in base 16?
496
Convert -1132c (base 14) to base 9.
-63281
Convert -132001 (base 5) to base 8.
-12203
-222 (base 15) to base 16
-1e2
100101101101011 (base 2) to base 8
45553
Convert -1ae0 (base 16) to base 15.
-208a
Convert 1034 (base 12) to base 3.
2102111
242b (base 12) to base 7
14600
Convert -2740 (base 11) to base 4.
-313201
What is 273 (base 9) in base 2?
11100100
What is -1100001010 (base 2) in base 16?
-30a
What is -102101112 (base 3) in base 12?
-497b
-105 (base 15) to base 2
-11100110
Convert -338 (base 15) to base 13.
-440
-29b9 (base 13) to base 4
-1132303
-407 (base 10) to base 4
-12113
What is 31401 (base 11) in base 7?
250231
1b5 (base 12) to base 10
281
-6485 (base 10) to base 6
-50005
31736 (base 8) to base 13
6075
-68 (base 12) to base 11
-73
-2227 (base 16) to base 15
-28cd
What is -344243 (base 5) in base 8?
-30240
1030211 (base 4) to base 15
16bb
Convert 22110211 (base 3) to base 16.
1822
Convert -9711 (base 10) to base 8.
-22757
-2011232 (base 5) to base 13
-11799
Convert 616 (base 10) to base 4.
21220
1010010010 (base 2) to base 10
658
-66bd (base 14) to base 3
-220102112
Convert 674 (base 8) to base 10.
444
271 (base 8) to base 3
20212
22203 (base 4) to base 3
221000
-10025 (base 14) to base 9
-57661
144e (base 15) to base 4
1003331
17 (base 10) to base 16
11
cdf8 (base 16) to base 4
30313320
3561 (base 12) to base 2
1011101011001
What is 43115 (base 8) in base 14?
67b7
-217 (base 15) to base 7
-1243
Convert -3630 (base 7) to base 2.
-10101000000
Convert 501 (base 10) to base 11.
416
What is -6772 (base 12) in base 11?
-8680
What is -36165 (base 7) in base 6?
-111153
3e9 (base 15) to base 16
37e
Convert 1713 (base 14) to base 8.
10045
Convert 4110 (base 6) to base 14.
48a
What is -10000110111101 (base 2) in base 4?
-2012331
-8af0 (base 16) to base 14
-cd68
-1f9 (base 16) to base 15
-23a
What is 111112 (base 8) in base 5?
2144300
Convert 461 (base 11) to base 4.
20213
Convert 1246 (base 16) to base 10.
4678
Convert 4321 (base 5) to base 12.
40a
3030 (base 8) to base 5
22220
Convert 101222 (base 4) to base 12.
7a2
Conve